- 8*s + 7. Let r = -1 + 2. Let k = r - 10. Is p(k) a composite number?
False
Let g = -5 + 12. Let c be (g - 3) + 0 + -101. Let u = 1156 - c. Is u a prime number?
False
Let g be 2/((-2)/105*(-65)/104). Let v = g + -73. Is v a composite number?
True
Let n be 1*2*(-15)/(-10). Suppose 16 = 4*w + m + n*m, 4 = -2*m. Is (0 + -1)/(w/(-306)) composite?
True
Let z = 61 - -2836. Is z prime?
True
Let x(z) = 60*z + 7. Let u(o) = 61*o + 8. Let h(d) = -3*u(d) + 4*x(d). Let s(p) = -6*p - 1. Let g be s(-2). Is h(g) a prime number?
True
Let i(q) = 6*q**3 - 13*q**2 + 9*q + 111. Is i(13) composite?
False
Let q(f) = 83*f**2. Let s(j) = 2*j**2 - 25*j + 11. Let a be s(11). Let z = -21 - a. Is q(z) composite?
False
Suppose 7*t + 1 = 36. Suppose -h + 438 = h - 4*r, -t*h - 2*r + 1047 = 0. Is h a composite number?
False
Let l(o) be the first derivative of -o**4/4 + o**2/2 + 737*o - 11. Is l(0) composite?
True
Let a be 0 + ((-6)/8 - 54992/64). Let n = a + 1493. Is n prime?
False
Suppose -19*i + 4*i + 4965 = 0. Is i a prime number?
True
Let w = 106 - 169. Let p = w + 142. Is p prime?
True
Is (((-2632797)/21)/9)/((-1)/7) composite?
False
Suppose 5 = 3*h - 1. Suppose -h*m - 5*z + 36 = 0, 0*m + 5*z - 23 = -m. Is 9/(4 + -1)*m prime?
False
Let y be (-2)/(-2)*(1 - -378). Let t = 636 - y. Is t prime?
True
Let w(j) = j**3 + 4*j**2 + 2*j + 10. Let p be w(-4). Suppose 0 = -4*h - 8, -3*v = p*h - 347 - 915. Is v a composite number?
True
Suppose -7*m = 506 + 13494. Let f = 4149 + m. Is f a prime number?
False
Let z = 1401 - 2117. Is 4/2 - (z - 3) prime?
False
Suppose -13*j + 8524 + 6309 = 0. Is j composite?
True
Let r = -457 + 710. Is r prime?
False
Let y = 1585 - -1434. Is y prime?
True
Is 1/(-5) + 34736/5 a prime number?
True
Let a(s) = -s**2 - 1. Let z(y) = y**3 + 3*y**2 + y + 3. Let i(o) = -3*a(o) - z(o). Let f be i(0). Suppose 2*k + 0*k - 12 = f. Is k a composite number?
True
Let v = -5607 - -12793. Is v a composite number?
True
Let a = 91 - 71. Let t = 437 + a. Is t a composite number?
False
Is -1 - -1*1*86768/22 a composite number?
False
Suppose 0 = -5*i + 27 - 12. Suppose -2*r + 230 = -4*q, 2*q + 507 - 170 = i*r. Is r composite?
True
Let p(q) = 19*q**3 + 8*q**2 - 3*q + 10. Let c(b) = 18*b**3 + 9*b**2 - 4*b + 11. Let f(y) = 6*c(y) - 7*p(y). Is f(-2) a composite number?
True
Suppose 3*s - p - 38 = 0, s = -6*p + 3*p + 6. Is (-5278)/(-18) + s/(-54) prime?
True
Let g(v) = -132*v + 1. Let c = -28 + 25. Is g(c) prime?
True
Let d be (-8)/(-3) + 7/21. Suppose b = -z + d, z + 2*b = -0*b + 1. Suppose z + 9 = j. Is j composite?
True
Suppose -5*a = 4*h - 3479, 4*a = 10*h - 6*h - 3488. Suppose -3*r + 2639 = -4*v, -5*r + 6*r - h = -3*v. Is r a prime number?
True
Suppose 0 = -3*v - 0*v + 30. Suppose -18 = -4*r - v. Suppose -3*f = w - 190, 0 = -r*w + 4*f + 493 - 63. Is w composite?
True
Suppose -3*s - 11*j + 36441 = -7*j, -2*s + 24277 = -3*j. Is s prime?
True
Is ((-3)/(-2))/(-3 - (-29124)/9704) composite?
False
Let s = -45 - -105. Let j be (-16)/(-4)*(s - 0). Suppose 0 = 2*d + 2*w - j, -4*d + 4*w - 123 = -5*d. Is d prime?
False
Let y(u) = 5*u**2 + 39*u - 39. Let x(t) = t**3 + 7*t**2 + 13*t + 20. Let g be x(-6). Is y(g) a prime number?
True
Let n(p) = 112*p**2 - 54*p - 7. Is n(-10) a composite number?
True
Suppose 0 = 2*t - 2*x + 60, -t + 4*x - 60 = t. Let c = 1349 + t. Is c a composite number?
False
Suppose 5*j = 4 + 6, 0 = 3*n + j - 3353. Is n composite?
False
Let t be ((-2)/(-8))/(7/84). Suppose 0 = 4*d - 7*d + 2*f + 276, -5*f - 285 = -t*d. Suppose 0*s - d = -5*i + 5*s, -3*s + 98 = 5*i. Is i a prime number?
True
Suppose -17*f + 15931 = -5506. Is f a prime number?
False
Let r(m) be the second derivative of m**6/60 + m**5/60 + m**4/12 + m**3/6 - 5*m**2/2 - 3*m. Let k(h) be the first derivative of r(h). Is k(2) prime?
False
Suppose -3*f + 2*b + 109 = 0, 3*f + 4*b - 46 - 33 = 0. Let n = f + -31. Suppose -3 + 67 = n*j + 4*q, 5*j - 85 = 5*q. Is j a composite number?
True
Let z = 8 - 4. Let v be 345/20 - (-3)/z. Suppose -52 = -s - v. Is s prime?
False
Let k = 62 - 37. Suppose -d + 4*a + 797 = 6*a, k = 5*a. Is d prime?
True
Let g(k) = -k + 318. Is g(-19) a prime number?
True
Let l be (17/(-34))/(2/(-16)). Is (-1266)/(-4)*l/6 a composite number?
False
Let y = 13 + -7. Let p be (2/(-2))/(y/(-888)). Is (p/(-6))/((-4)/6) composite?
False
Suppose -2 = -4*u + 10, 2*u = -p + 11. Suppose 983 = p*c + 2*w - 190, 0 = -w - 1. Suppose -g = 3*g - 3*j - 328, -c = -3*g + 5*j. Is g a composite number?
True
Let p = 103 - 103. Suppose p = 4*r - 5*u - 4348, -5*r - 2*u + 5435 = u. Is r composite?
False
Let y(f) = 2*f**2 - 31*f + 18. Let c be y(21). Suppose 174 = -2*z - 142. Let o = c + z. Is o prime?
False
Let n(l) = -2*l**3 + 6*l**2 + 10*l + 5. Let x be n(-3). Suppose 85*k = x*k + 20854. Is k prime?
True
Let q = -2 + 5. Let j(m) = 2 - 3 + 2*m + 3*m**2 - 6 + m**q. Is j(5) prime?
False
Let a = -74 - -75. Is ((-74)/(-3))/(((-10)/(-75))/a) a prime number?
False
Suppose 3*s = o + 43 + 603, -3 = 3*o. Suppose -5*j = -1862 + 342. Let n = j - s. Is n composite?
False
Suppose 0 = -3*h + 2*f - 1421, -5*h - 979 = -3*h + 5*f. Let w = -1253 - -2051. Let m = h + w. Is m prime?
False
Let b(m) = 2157*m**3 + m**2 + m. Is b(1) a prime number?
False
Is 57 + (68/(-18) - (-12)/(-54)) a prime number?
True
Let n(r) be the third derivative of 0*r**5 + 1/8*r**4 + 0 - 1/2*r**3 + 0*r - 1/60*r**6 + 3*r**2. Is n(-4) a prime number?
True
Let w = -766 + 11365. Is w prime?
False
Is 81798 - (18/(-99) + (-79)/(-11)) a prime number?
False
Let u(b) be the first derivative of 4*b**3 - b**2 - 7*b + 1. Let y be u(8). Suppose 3*g - 432 = 2*r, y = 5*g + 5*r - 0*r. Is g composite?
True
Let o = -3214 - -7812. Let n = -2949 + o. Is n a prime number?
False
Let y = 33 + -28. Suppose -319 = y*i - 3024. Is i a prime number?
True
Let x be 369/9 - (-1 + 3). Suppose w - 5 = 0, 4*r + 4*w = 81 + x. Let y = 112 - r. Is y composite?
True
Is (-1 - (-1966)/(-6))/((-8)/12) composite?
True
Let t = -242 - -425. Let z(s) = -s**3 + 6*s**2 - 13*s + 48. Let q be z(5). Suppose q*p - h = 3*p + t, 154 = 4*p + 3*h. Is p prime?
True
Let w = -697 + 1376. Is w a prime number?
False
Suppose 2*l = -2*a + 314, a - 5*l = 10 + 147. Is a a composite number?
False
Suppose -2*a - 4*a = -174. Let p = 51 - a. Is p composite?
True
Let w = -28 - -27. Is -4*((-278)/8 + w) a prime number?
False
Suppose 5*p = -y + 58, 2*y - 40 = -4*p - 2*y. Suppose p = 8*h - 4. Is h composite?
False
Let l = 17 + -16. Is l*2659 + -8 + 6 a prime number?
True
Let s = -8 + 10. Suppose 3*c = s*q - 1693, -281 = c - 5*q + 292. Let v = -168 - c. Is v a composite number?
True
Let u(v) = -366*v + 79. Is u(-4) a composite number?
False
Suppose -2*j + 9 = 43. Let f = 21 + j. Suppose -f*b + 220 = -0*b. Is b prime?
False
Let w be (-60)/18*6/(-4). Let c(f) = -f**2 + 5*f + 4. Let o be c(w). Suppose -o*m + 3*m = -4. Is m a composite number?
True
Let f(u) = -4*u**3 - 8*u**2 + 15*u + 48. Is f(-13) a composite number?
True
Let l = -154 - -172. Suppose l*z - 20*z + 1262 = 0. Is z composite?
False
Let w(j) = -j**3 + 56*j**2 - 66*j + 58. Is w(53) prime?
True
Is -3*3/18*-182 prime?
False
Let w(q) = 21*q**2 - 9*q - 38. Let l be w(-7). Is 18/(-6) - (3 - l/2) composite?
False
Let x(i) = -i**3 + 73*i**2 - 103*i + 280. Is x(71) prime?
True
Let q be (-2)/7 + 516/42. Let u(l) = -12*l - q + 1 + 6. Is u(-7) a composite number?
False
Let g(f) = f**2 + 4*f - 8. Let c be g(-5). Is 4/(-14) - (c - (-20082)/(-21)) a composite number?
True
Let j = 2162 + -1536. Let i = 1692 - j. Suppose 8*v - 1358 - i = 0. Is v a prime number?
False
Let n(z) be the first derivative of 3*z**4/4 - 3*z**3 - z**2/2 - 11*z + 6. Is n(8) prime?
True
Let c(x) = -225*x - 172. Is c(-15) a prime number?
True
Let l = -462 + 1086. Is (-1)/(-1)*(l + 7) composite?
False
Let c(n) = -377*n**3 - 55*n**2 - 2*n + 5. Is c(-4) a prime number?
False
Suppose -2*p - 40 = 14. Let w = p + 14. Is (37/(-2))/(w/26) a prime number?
True
Suppose 0 = 18*x - 13*x + 385. Let y(q) = -11*q**2 - 8*q - 3. Let f be y(-5). Let t = x - f. Is t prime?
False
Is (-13)/(-52)*137188*1 prime?
True
Let s = 14458 + 8904. Is s composite?
True
Suppose 5378 = -x + 3*x - 4*v, -5*v = -2*x + 5381. Is x prime?
True
Let y(r) = -3*r + 32. Let a be y(10). Suppose -2 = -m, 0 = 3*n + a*n + m - 5387. Is n a composite number?
True
Sup